ue
Suppose 2*k = -1 + 3, -1 = -5*y + 4*k. Let d be 96267/15 - y/(-5). Is (-4)/(-26) - d/(-26) a prime number?
False
Let n(d) = 7*d**3 - 3*d**2 + 4*d - 5. Suppose 2*s + o = -s + 34, 42 = 3*s + 3*o. Suppose g - s = -6. Is n(g) a prime number?
False
Let o = -2 - 52. Let a = 5 - o. Is a prime?
True
Suppose 3*x + 8 = 4*a, 2*a - 1 = a + x. Suppose 4*n - 146 = -a*p, -5*p = -n - n + 58. Is ((-2)/(-3))/(n/11373) a composite number?
False
Let s(j) = j**3 + 23*j**2 + 24*j - 26. Let n(f) = -2*f**2 - f + 1. Let b be n(3). Is s(b) prime?
False
Let q = 48999 - 926. Is q prime?
True
Let p = 41 + -45. Let u(d) = 16*d**2 + 4*d - 3. Is u(p) a composite number?
True
Let s = 140 + -42. Suppose -w - s = -2*b + 197, 5*w - 5 = 0. Suppose 2*a = -2*a + b. Is a composite?
False
Is 22/(-2) - -7 - (-3454 + 1) composite?
False
Is (-41127)/2*108/(-162) composite?
False
Let g(y) = 141*y - 35. Let t be (8/10)/(18/270). Is g(t) a composite number?
False
Suppose 2*n - 10368 = -3*s - 439, 0 = 3*s - 3*n - 9939. Suppose -s = -10*f + 1539. Is f composite?
True
Suppose 9*g = 18977 + 14386. Is g a prime number?
False
Let q(u) = -25*u**3 + 11*u**2 - 17*u - 35. Is q(-12) a composite number?
False
Suppose -5*q + 10*o = 7*o - 9817, -o - 4 = 0. Is q a prime number?
False
Let p(v) = 22*v**3. Let o be p(-1). Let a be (-62)/o - (-4)/22. Suppose -654 + 2055 = a*q. Is q prime?
True
Suppose -5*k + 1 = 3*w - 5, -k - 5*w + 10 = 0. Suppose k = f - 4*a + 19 + 23, 0 = -5*f - 5*a - 260. Is f/15*66/(-4) prime?
False
Suppose -3*i = -2*i. Suppose i = -4*z - z - 10, -4*z = -v + 121. Is v a composite number?
False
Suppose -4*w - 20*y = -16*y - 299852, -2*w + 3*y + 149926 = 0. Is w a composite number?
True
Let l = 2555 - -3634. Suppose 0 = 15*d - 12*d - l. Is d a prime number?
True
Let d(y) = -y**3 + 3*y**2 + y + 3. Let h be d(3). Suppose f - h = -2*f. Suppose -2*l + m + 191 = -1947, -f*l + 2122 = 3*m. Is l composite?
True
Let d = -1721 - -2976. Suppose -2*o + d = 109. Is o prime?
False
Let y = -3 - -6. Is ((-7192)/24)/((-1)/y) a composite number?
True
Let f(c) = -c**2 + 5*c - 2. Let a be f(3). Suppose a*n + n - 5225 = 0. Suppose -4*p - 3*y + n = 0, -5*p - 6*y + 11*y + 1280 = 0. Is p a composite number?
True
Suppose 0 = 4*v + 46 - 42. Is 303 + -10 - (v - -1) a prime number?
True
Let b(h) = 17389*h + 29. Is b(2) composite?
False
Let l be 1804/1 + (1 - -1) + -3. Suppose p - l = -2*h + 6*p, -3*h = -5*p - 2717. Is h composite?
True
Suppose 32070 = 13*x + 17*x. Is x prime?
True
Suppose -17*t - 8 = -13*t. Is (-3)/(-12)*t*-158 a composite number?
False
Let y(x) = -2*x**2 - 5*x + 7. Let r be y(5). Let i(n) = n**2 + 17*n + 17. Let v be i(-16). Let w = v - r. Is w a composite number?
True
Let i = 1 + -5. Is -9*i/12 + 108 composite?
True
Suppose -574*d = -573*d - 7039. Is d composite?
False
Let u be (-14)/6*(-787 - -16). Let q = u + -1122. Is q a composite number?
False
Is (-4)/(-2 - 2)*(1 + 9198) composite?
False
Let k = -4059 + 8764. Is k composite?
True
Let x = -18 - -104. Is x a composite number?
True
Let z(c) = -c - 11. Let n be z(-11). Suppose -o + 7838 = 5*k - n*o, -2*k - 2*o = -3140. Is k composite?
False
Let z = -2406 + 10907. Is z a prime number?
True
Let f(s) = -3*s**3 - 23*s**2 + 8*s + 23. Is f(-16) prime?
False
Let t(x) = 3333*x**3 + 2*x**2 + x - 9. Is t(2) a prime number?
False
Suppose -68*a + 13239 = -59*a. Is a a composite number?
False
Let j(n) = 7. Let h(r) = -r + 6. Let p(y) = 3*h(y) - 4*j(y). Is p(-8) a composite number?
True
Let i(g) = -1716*g + 1217. Is i(-16) a composite number?
True
Suppose -5924 = 12*g - 16*g - 4*p, -5*g + 5*p + 7455 = 0. Is g composite?
True
Suppose 2*i = 3*h - 2*i - 7657, 5*h + 4*i - 12751 = 0. Is h a prime number?
True
Let l be (4/(4/(-5)))/(-1). Suppose -2*a + l*a = -6. Is 5/(a/3 + 1) composite?
True
Let j(l) be the second derivative of 14*l**3/3 + 3*l**2/2 + l + 7. Suppose -3*t = 4*x - 2*t - 18, 5*x + 3*t = 26. Is j(x) a prime number?
False
Suppose 2*t + 507 = -497. Let h = t + 891. Is h prime?
True
Let r be -6*(563/(-2) + -4). Suppose 12*g - r = 9*g. Is g a prime number?
True
Let t = 44 - -167. Is t prime?
True
Suppose -g = 3*n + 47, 5*n = 3*g - 0*g + 71. Let z be (-696)/g - 3/4. Is 6461/z + (-2)/3 prime?
True
Let t(r) = 3*r**2 + 3*r - 3. Let v be t(1). Let o(y) = 5 + 16*y**2 - 11*y + 2*y**3 + 10 - 3*y**v - 6. Is o(11) a prime number?
False
Suppose -b = 2*p - 12, 4*b - p - 2*p = -7. Suppose k = -2*u + 284, -u - 2 - b = 0. Is (k - (-1)/1)*1 a composite number?
False
Suppose 4*d - 10 = 2*f, d = 4*d + 4*f + 20. Suppose 5*z = -4*s - 5, z = -d*s - 5*s - 22. Let h(c) = -3*c**3 - c**2 - 6*c - 9. Is h(s) a prime number?
False
Let g(p) be the second derivative of 143*p**3/3 + 11*p**2/2 + 5*p. Is g(5) prime?
False
Suppose 6*h + 9*h - 7275 = 0. Is h prime?
False
Suppose 4*g = -5*p + 9*g + 514975, -5*g - 20 = 0. Is p prime?
False
Let f be -12 + 70 - -1*2. Suppose 4*o + 2*o - f = 0. Let m(i) = -i**3 + 12*i**2 - 9*i + 13. Is m(o) a composite number?
True
Suppose 3*r - 1214 = -5*f, 0*r - 4*f + 1624 = 4*r. Let o(h) = -h**2 + 6*h - 6. Let t be o(3). Suppose x + r = t*c - 199, -4*x = -8. Is c a prime number?
False
Suppose 0*h + 56 = 8*h. Let c(s) be the second derivative of s**5/20 - s**4/2 + s**3/6 - 3*s**2/2 + s. Is c(h) a prime number?
True
Let p(v) = 3*v**2 + 2*v + 1. Let t be p(-1). Suppose 4*y = y + 4*o + 529, 0 = -t*y - 4*o + 366. Is y a composite number?
False
Let b = -141824 - -212455. Is b prime?
False
Suppose 4*x - 3*b = -8*b + 9688, -5*x = 5*b - 12110. Suppose -4*p = -2*t + x, 3029 = 5*t + 2*p - 3062. Is t a composite number?
False
Let a(w) = w**3 - 19*w**2 - 20*w + 7. Let v be a(20). Suppose -2 = v*n + 33. Is -4 + (4 - 5435/n) composite?
False
Let t = -43 - -66. Suppose 14*s + 1143 = t*s. Is s composite?
False
Let j = -425984 + 698791. Is j composite?
False
Suppose -4*s - i + 5*i + 380 = 0, 12 = 3*i. Let r = s + -32. Let u = 2 + r. Is u a prime number?
False
Let p(j) = 10301*j**2 + 7*j + 7. Is p(-1) prime?
True
Suppose 0 = -4*d + 5*i + 717 + 2101, 4*d + 3*i - 2834 = 0. Is d a composite number?
True
Let w be (-2)/(-6) + 11/3. Is w + (-12)/(-4) + 154 a composite number?
True
Suppose 4*i = 4*s + 2892, -3*i + 8 = 2. Let y = -90 - s. Is y composite?
False
Let z(p) = p**3 + 11*p**2 - 13*p - 8. Let c be z(-12). Suppose c*d = -63 + 15. Is (d/(-16))/((-2)/(-1096)) composite?
True
Let p = -51 + 55. Suppose -p*v - 4*s + 3132 = 0, -1725 = -3*v - 5*s + 628. Is v prime?
False
Let q = 10520 + -4569. Is q a prime number?
False
Let q(k) = -k**2 - 16*k - 8. Suppose 0 = -m + 5 - 1. Suppose 6 + 30 = -m*l. Is q(l) a composite number?
True
Let j = 23 + -15. Suppose 2*d + 3*d + 77 = z, 2*z - 10 = d. Is 1294/j - (-12)/d prime?
False
Suppose 678*u = 677*u + 4327. Is u prime?
True
Suppose -s + i - 2 = 0, 3*s - i = -2 + 6. Let p(c) = 3 - 3*c**3 - 9*c**2 + 0 - 4 - 9*c - s. Is p(-5) composite?
False
Let s(c) = -108*c - 4. Let v(u) = -215*u - 9. Let k(d) = 7*s(d) - 3*v(d). Suppose -3*g = -5*n - 16, 3*n - n - 4*g + 12 = 0. Is k(n) composite?
True
Let d(z) = -2705*z**3 + 11*z**2 + 29*z + 5. Is d(-2) prime?
False
Let a be ((-18)/4 - -2)*-18. Suppose 0 = -3*z - a - 57. Is (-3)/(6/z) + 2 prime?
True
Suppose -272559 - 72685 = -4*o. Is o prime?
True
Let s = -77 + 72. Let t(w) = -46*w - 19. Is t(s) composite?
False
Suppose 0 = -12*a + 59627 + 24841. Is a a prime number?
True
Is 27 + 1339 - (-3 + 1 - 3) a prime number?
False
Let y = -34 + 22. Let o be 140/42 - (0 + 2/6). Is (-74)/4*y - o a prime number?
False
Suppose -3*a + 354 = -a. Let h = 2252 + a. Is h a prime number?
False
Let u(m) = -14*m**3 + 3*m**2 - 7*m + 5. Is u(-4) a prime number?
True
Suppose 0 = -295*h + 296*h - 50441. Is h composite?
False
Let h = 363 + -208. Is h prime?
False
Let j = -104 + 123. Suppose 0 = j*s - 4121 - 4353. Is s composite?
True
Let l be (16 + 2)*56/6. Suppose -11*c = -7*c - l. Suppose -m + 181 = -c. Is m composite?
False
Suppose -l = -6*l + 11795. Let z = l - 1518. Is z a composite number?
True
Suppose m - 93 = 3*u - 4415, 4*u + 3*m = 5741. Is u a composite number?
False
Suppose -2*c - 200 - 132 = 0. Let s(z) = 329*z**3 - z**2 - z. Let o be s(-1). Let h = c - o. Is h a prime number?
True
Let x(q) = 53*q - 8. Suppose -3*y - 38 = 2*s + y, -s - 4*y - 23 = 0. Let b = s + 20. Is x(b) a prime number?
True
Suppose -26*i = -21*i + 5